{"id":376,"date":"2011-05-13T02:50:57","date_gmt":"2011-05-13T01:50:57","guid":{"rendered":"http:\/\/xinoxano.orientacio.org\/?page_id=376"},"modified":"2011-05-13T02:50:57","modified_gmt":"2011-05-13T01:50:57","slug":"hores-de-sortida-2-dies-dels-pirineus-2011","status":"publish","type":"page","link":"https:\/\/xinoxano.orientacio.org\/wordpress\/?page_id=376","title":{"rendered":"Hores de sortida &#8211; 2 dies dels Pirineus 2011"},"content":{"rendered":"<p>Aqu\u00ed sota teniu els enlla\u00e7os a les hores de sortida.<\/p>\n<p>Per\u00f2 primer una petita explicaci\u00f3:<\/p>\n<p>Per a la sortida de dissabte cal tenir en compte que hi ha una <strong>pre-sortida al poble<\/strong>. Segons el reglament el rellotge de la pre-sortida &#8220;<em>&#8230;\u00a0Aquesta hora no podr\u00e0 estar avan\u00e7ada respecte l\u2019hora local<\/em>&#8220;. \u00c9s a dir que el rellotge de la pre-sortida marcar\u00e0 l&#8217;hora real.<\/p>\n<p><strong>Els corredors heu d&#8217;estar a l&#8217;hora que teniu assignada per sortir, a la pre-sortida<\/strong>. El rellotge que hi haur\u00e0 a dalt a la sortida ja estar\u00e0 endarrerit el temps que correspongui. \u00c9s a l&#8217;inrev\u00e9s de com hom ho fa habitualment. (Es pot produir una esquerda en el continu espai-temps, per ex: surto a les 10:45 i despr\u00e9s d&#8217;1 Km. de caminar arribo a les 10:35!!)<\/p>\n<p>Per altra banda les categories d&#8217;Iniciaci\u00f3 nens i Encintat, encara que tinguin assignades hores de sortida, no en feu cas, el temps comen\u00e7ar\u00e0 a comptar quan comenceu la cursa. Recordeu que aquestes categories surten des de la guarderia, no han d&#8217;anar a la pre-sortida.<\/p>\n<p>&nbsp;<\/p>\n<ul>\n<li><a href=\"http:\/\/xinoxano.orientacio.org\/wordpress\/wp-content\/uploads\/2011\/05\/hores_sortida_clubs.html\" target=\"_blank\">Hores de sortida per clubs<\/a><\/li>\n<li><a href=\"http:\/\/xinoxano.orientacio.org\/wordpress\/wp-content\/uploads\/2011\/05\/hores_sortida_circuits_1.html\" target=\"_blank\">Hores de sortida per circuits &#8211; Dissabte<\/a><\/li>\n<li><a href=\"http:\/\/xinoxano.orientacio.org\/wordpress\/wp-content\/uploads\/2011\/05\/hores_sortida_circuits_2.html\" target=\"_blank\">Hores de sortida per circuits &#8211; Diumenge<\/a><\/li>\n<\/ul>\n<p>&nbsp;<\/p>\n","protected":false},"excerpt":{"rendered":"<p>Aqu\u00ed sota teniu els enlla\u00e7os a les hores de sortida. Per\u00f2 primer una petita explicaci\u00f3: Per a la sortida de dissabte cal tenir en compte que hi ha una pre-sortida al poble. Segons el reglament el rellotge de la pre-sortida &hellip; <a href=\"https:\/\/xinoxano.orientacio.org\/wordpress\/?page_id=376\">Continua llegint <span class=\"meta-nav\">&rarr;<\/span><\/a><\/p>\n","protected":false},"author":2,"featured_media":0,"parent":0,"menu_order":0,"comment_status":"closed","ping_status":"closed","template":"","meta":{"footnotes":""},"_links":{"self":[{"href":"https:\/\/xinoxano.orientacio.org\/wordpress\/index.php?rest_route=\/wp\/v2\/pages\/376"}],"collection":[{"href":"https:\/\/xinoxano.orientacio.org\/wordpress\/index.php?rest_route=\/wp\/v2\/pages"}],"about":[{"href":"https:\/\/xinoxano.orientacio.org\/wordpress\/index.php?rest_route=\/wp\/v2\/types\/page"}],"author":[{"embeddable":true,"href":"https:\/\/xinoxano.orientacio.org\/wordpress\/index.php?rest_route=\/wp\/v2\/users\/2"}],"replies":[{"embeddable":true,"href":"https:\/\/xinoxano.orientacio.org\/wordpress\/index.php?rest_route=%2Fwp%2Fv2%2Fcomments&post=376"}],"version-history":[{"count":6,"href":"https:\/\/xinoxano.orientacio.org\/wordpress\/index.php?rest_route=\/wp\/v2\/pages\/376\/revisions"}],"predecessor-version":[{"id":382,"href":"https:\/\/xinoxano.orientacio.org\/wordpress\/index.php?rest_route=\/wp\/v2\/pages\/376\/revisions\/382"}],"wp:attachment":[{"href":"https:\/\/xinoxano.orientacio.org\/wordpress\/index.php?rest_route=%2Fwp%2Fv2%2Fmedia&parent=376"}],"curies":[{"name":"wp","href":"https:\/\/api.w.org\/{rel}","templated":true}]}}